onvert -2020 (base 3) to base 15.
-40
3 (base 8) to base 5
3
What is -1 (base 6) in base 2?
-1
16 (base 12) to base 8
22
What is -2 (base 12) in base 7?
-2
Convert 21 (base 11) to base 6.
35
-1 (base 8) to base 5
-1
Convert 23 (base 5) to base 6.
21
Convert c5 (base 16) to base 9.
238
What is 1 (base 16) in base 3?
1
-213 (base 8) to base 13
-a9
Convert 10 (base 3) to base 12.
3
What is 1032 (base 5) in base 6?
354
41 (base 16) to base 12
55
Convert -2 (base 10) to base 11.
-2
What is 4 (base 11) in base 4?
10
What is 9 (base 13) in base 15?
9
Convert 3100 (base 4) to base 9.
251
What is -180 (base 10) in base 15?
-c0
223 (base 4) to base 3
1121
What is -1 (base 11) in base 4?
-1
Convert -505 (base 6) to base 16.
-b9
Convert 5 (base 7) to base 3.
12
11 (base 4) to base 9
5
0 (base 6) to base 14
0
What is 10 (base 5) in base 3?
12
Convert -10 (base 2) to base 3.
-2
What is 0 (base 10) in base 5?
0
What is -5 (base 7) in base 16?
-5
Convert -2 (base 7) to base 11.
-2
Convert 11111 (base 2) to base 10.
31
Convert 0 (base 15) to base 2.
0
What is 3 (base 8) in base 12?
3
Convert -12 (base 8) to base 6.
-14
Convert -100110 (base 2) to base 5.
-123
4 (base 7) to base 16
4
Convert 501 (base 8) to base 2.
101000001
a8 (base 16) to base 5
1133
Convert 2a (base 11) to base 16.
20
Convert -104 (base 6) to base 2.
-101000
Convert -332 (base 5) to base 3.
-10102
-1313 (base 5) to base 16
-d0
Convert 13 (base 14) to base 4.
101
-445 (base 6) to base 3
-20102
What is 1024 (base 5) in base 8?
213
Convert 31 (base 5) to base 13.
13
What is -256 (base 9) in base 15?
-e3
What is -140 (base 6) in base 2?
-111100
What is 2 (base 5) in base 15?
2
Convert 20 (base 13) to base 10.
26
Convert -2 (base 11) to base 6.
-2
Convert 2 (base 12) to base 13.
2
15 (base 11) to base 9
17
What is -2 (base 16) in base 13?
-2
Convert -11 (base 10) to base 2.
-1011
What is -124 (base 7) in base 6?
-151
4 (base 15) to base 4
10
What is -2 (base 11) in base 9?
-2
135 (base 8) to base 7
162
-14 (base 7) to base 16
-b
What is -18 (base 9) in base 2?
-10001
1 (base 16) to base 8
1
-363 (base 7) to base 3
-21010
What is 5 (base 10) in base 6?
5
Convert -2 (base 8) to base 14.
-2
102 (base 7) to base 8
63
-21 (base 6) to base 5
-23
-21 (base 3) to base 10
-7
Convert b (base 12) to base 6.
15
What is 121 (base 4) in base 14?
1b
5 (base 15) to base 16
5
Convert -14 (base 13) to base 7.
-23
What is 19 (base 12) in base 13?
18
4 (base 13) to base 4
10
What is 2 (base 5) in base 2?
10
-1 (base 12) to base 16
-1
What is 4 (base 9) in base 6?
4
-1c (base 14) to base 4
-122
15 (base 15) to base 10
20
What is -20 (base 16) in base 2?
-100000
-13 (base 5) to base 9
-8
What is -314 (base 5) in base 10?
-84
-63 (base 16) to base 8
-143
Convert 3 (base 11) to base 16.
3
What is -213 (base 9) in base 16?
-ae
What is -1 (base 14) in base 6?
-1
-207 (base 13) to base 8
-531
Convert -6 (base 9) to base 3.
-20
Convert 128 (base 9) to base 4.
1223
Convert -8 (base 11) to base 8.
-10
What is -7 (base 9) in base 4?
-13
What is -10 (base 4) in base 3?
-11
Convert 10111010 (base 2) to base 14.
d4
What is -25 (base 8) in base 15?
-16
Convert -5 (base 7) to base 11.
-5
Convert -1e (base 16) to base 4.
-132
Convert -150 (base 6) to base 3.
-2110
Convert -1 (base 13) to base 6.
-1
302 (base 5) to base 10
77
Convert 260 (base 13) to base 3.
120102
What is 4 (base 7) in base 5?
4
Convert 1 (base 8) to base 9.
1
163 (base 9) to base 2
10001010
-2 (base 3) to base 12
-2
Convert 37 (base 16) to base 11.
50
Convert 8c (base 16) to base 2.
10001100
Convert 11 (base 4) to base 10.
5
What is -75 (base 11) in base 8?
-122
Convert -110110 (base 2) to base 10.
-54
What is 3b (base 16) in base 9?
65
Convert 48 (base 16) to base 8.
110
-a8 (base 15) to base 3
-12212
-135 (base 8) to base 2
-1011101
-15 (base 7) to base 4
-30
-73 (base 8) to base 2
-111011
What is -2 (base 6) in base 14?
-2
Convert 367 (base 10) to base 5.
2432
0 (base 10) to base 4
0
Convert 29 (base 10) to base 14.
21
-2 (base 5) to base 14
-2
Convert 61 (base 8) to base 15.
34
What is -40 (base 11) in base 16?
-2c
38 (base 9) to base 3
1022
What is -42 (base 8) in base 4?
-202
2 (base 10) to base 14
2
16 (base 14) to base 5
40
-2 (base 6) to base 14
-2
-2 (base 11) to base 7
-2
Convert 4 (base 15) to base 2.
100
What is -3 (base 8) in base 2?
-11
6 (base 16) to base 2
110
21 (base 6) to base 7
16
3 (base 5) to base 12
3
Convert 1001 (base 3) to base 4.
130
Convert -3 (base 9) to base 13.
-3
Convert 40 (base 15) to base 4.
330
What is -11 (base 2) in base 13?
-3
Convert c (base 16) to base 7.
15
-3 (base 11) to base 15
-3
What is 0 (base 2) in base 5?
0
-40 (base 7) to base 12
-24
Convert 4 (base 6) to base 3.
11
What is 4 (base 13) in base 3?
11
-1 (base 13) to base 16
-1
-35 (base 16) to base 5
-203
Convert 0 (base 6) to base 10.
0
Convert -105 (base 15) to base 11.
-19a
What is -540 (base 6) in base 13?
-129
What is 100 (base 2) in base 15?
4
11 (base 11) to base 12
10
-28 (base 10) to base 7
-40
What is 23 (base 15) in base 6?
53
Convert -2 (base 11) to base 14.
-2
13 (base 7) to base 9
11
What is -226 (base 9) in base 13?
-114
-1001000 (base 2) to base 10
-72
-29 (base 15) to base 6
-103
What is -6 (base 11) in base 6?
-10
100 (base 2) to base 12
4
Convert -19 (base 12) to base 11.
-1a
-15 (base 8) to base 7
-16
-4 (base 5) to base 2
-100
Convert 30 (base 12) to base 16.
24
What is -3 (base 6) in base 9?
-3
What is 270 (base 9) in base 14?
121
-12 (base 7) to base 2
-1001
10 (base 2) to base 10
2
12 (base 5) to base 8
7
What is -6 (base 13) in base 12?
-6
What is -101 (base 2) in base 16?
-5
What is -4 (base 15) in base 2?
-100
What is -57 (base 15) in base 13?
-64
0 (base 5) to base 14
0
What is -70 (base 8) in base 15?
-3b
-c (base 13) to base 8
-14
What is 76 (base 16) in base 7?
226
-1 (base 14) to base 7
-1
Convert -4 (base 16) to base 14.
-4
What is 422 (base 7) in base 8?
324
4 (base 6) to base 9
4
What is -11 (base 11) in base 14?
-c
Convert -70 (base 16) to base 9.
-134
What is -1 (base 16) in base 13?
-1
Convert -10000001 (base 2) to base 12.
-a9
Convert -2 (base 15) to base 8.
-2
Convert -3 (base 6) to base 11.
-3
-311 (base 7) to base 10
-155
-203 (base 6) to base 3
-2210
What is 58 (base 16) in base 15?
5d
Convert 10 (base 2) to base 13.
2
Convert -18 (base 14) to base 7.
-31
-4 (base 5) to base 12
-4
What is -36 (base 15) in base 13?
-3c
Convert -30 (base 4) to base 15.
-c
What is -1 (base 6) in base 5?
-1
What is 2 (base 13) in base 15?
2
-23 (base 6) to base 16
-f
Convert 6 (base 8) to base 2.
110
What is 15 (base 16) in base 5?
41
Convert 125 (base 6) to base 9.
58
Convert -1d (base 16) to base 15.
-1e
25 (base 13) to base 10
31
12 (base 7) to base 8
11
Convert -130 (base 6) to base 2.
-110110
-48 (base 15) to base 16
-44
Convert 23 (base 9) to base 11.
1a
32 (base 16) to base 3
1212
21 (base 3) to base 2
111
1 (base 9) to base 13
1
What is -3232 (base 4) in base 14?
-130
Convert -2 (base 11) to base 14.
-2
0 (base 8) to base 10
0
What is 13 (base 16) in base 14?
15
-14 (base 7) to base 10
-11
Convert 3 (base 4) to base 7.
3
Convert -24 (base 14) to base 5.
-112
What is -4 (base 9) in base 5?
-4
3 (base 13) to base 4
3
What is -5 (base 16) in base 14?
-5
What is -13 (base 9) in base 4?
-30
Convert -1f (base 16) to base 11.
-29
What is 74 (base 8) in base 2?
111100
Convert -2 (base 10) to base 8.
-2
-63 (base 10) to base 12
-53
1010 (base 2) to base 14
a
Convert 9 (base 13) to base 7.
12
What is 23 (base 4) in base 11?
10
What is 18 (base 13) in base 14?
17
25 (base 13) to base 14
23
What is 6 (base 10) in base 11?
6
Convert -24 (base 6) to base 7.
-22
What is 26 (base 9) in base 13?
1b
-312 (base 6) to base 4
-1310
153 (base 16) to base 13
201
What is 120 (base 3) in base 11?
14
What is 31 (base 7) in base 11?
20
4 (base 12) to base 9
4
Convert 8 (base 12) to base 10.
8
-3130 (base 4) to base 11
-190
Convert 14 (base 5) to base 16.
9
Convert 1 (base 16) to base 14.
1
What is 0 (base 15) in base 16?
0
-4 (base 14) to base 12
-4
Convert 2 (base 6) to base 14.
2
-4 (base 14) to base 7
-4
Convert d9 (base 15) to base 6.
540
What is -7d (base 15) in base 3?
-11101
-62 (base 13) to base 11
-73
What is -63 (base 15) in base 9?
-113
Convert -